0 = 3*g + 6*t - c*t - 178. Calculate the highest common divisor of 6 and g.
6
Let x(b) be the second derivative of -b**3/6 - 2*b. Let o be x(-6). Let y be ((-44)/o)/((-4)/30). What is the highest common divisor of y and 5?
5
Let h = 7 - -43. What is the greatest common divisor of 75 and h?
25
Let a be 11/2 - 10/(-20). Calculate the greatest common divisor of a and 12.
6
Suppose 0*i + 2*i = 220. Suppose -k = -0*k - i. What is the greatest common factor of k and 10?
10
Let f = -197 - -318. Let p(y) = -2*y - 41. Let t be p(-26). Calculate the highest common divisor of t and f.
11
Let t = 125 - 68. What is the greatest common factor of t and 19?
19
Let n = -236 + 358. Suppose 6*a - n = -32. What is the highest common divisor of 120 and a?
15
Let y = -47 + 222. What is the greatest common divisor of y and 35?
35
Suppose 6 = -2*t, -3*t = -4*n + 5*n - 241. What is the greatest common divisor of 50 and n?
50
Let h(w) be the first derivative of 23*w**2/2 - 7*w + 3. Let c be h(5). Calculate the highest common divisor of c and 12.
12
Let x(l) = 10*l - 1. Let m be x(2). Let k = m - -29. Calculate the greatest common divisor of 12 and k.
12
Let v = -137 + 217. Calculate the highest common divisor of v and 32.
16
Let c be 17 - (-3)/((-9)/15). Calculate the greatest common factor of c and 9.
3
Let k(g) = 9*g - 20. Let h be k(10). Calculate the highest common factor of 10 and h.
10
Let t = 200 + -120. Suppose -3*c = -c - t. Calculate the greatest common factor of c and 8.
8
Suppose 5*j - 83 = 3*v, -19 = -0*j - j + 3*v. Let n = -40 + 48. Calculate the greatest common factor of n and j.
8
Suppose 3*d + 2*d - 2*a - 73 = 0, 20 = -5*a. Suppose 5*l = -5*h + 85, 0*l - 55 = -3*h - 4*l. Calculate the greatest common factor of d and h.
13
Let y = 59 + -41. Let v = -8 + 17. What is the greatest common factor of y and v?
9
Let y = 428 - 239. Calculate the highest common factor of 21 and y.
21
Let x(o) = 2*o**2 - 7*o - 9. Let r be x(-6). Calculate the highest common divisor of 21 and r.
21
Let g be -21*16/(-12)*1. Let h be 44/7 - 8/g. Calculate the greatest common divisor of h and 4.
2
Let w = 4 + -7. Let a be 17*(w - -4) - -1. Let l(c) = 40*c - 2. Let m be l(5). Calculate the greatest common factor of m and a.
18
Suppose -7*h + 2*h = -180. Calculate the greatest common factor of 9 and h.
9
Let p be (-10)/5 + 35/1. Let i(k) = k**3 + k**2 - 1. Let w be i(1). Suppose 2*c + w - p = 0. What is the highest common factor of c and 144?
16
Let n be (-27)/(-6)*10 + 1. Let m be 4/6 + n/3. Calculate the greatest common divisor of m and 128.
16
Let i = -129 + -56. Let m be i/(-30) - (-1)/(-6). Calculate the greatest common factor of m and 4.
2
Suppose 5*f - f = -8. Let r be f*(-30)/9*9. What is the greatest common factor of r and 15?
15
Suppose -62 = -2*k - 10. What is the greatest common factor of k and 65?
13
Let r(g) = -g**2 + 8*g - 9. Let d be r(4). Calculate the greatest common divisor of d and 21.
7
Suppose 3*b + c - 2*c + 12 = 0, -4*b - 24 = -4*c. Let l be 2/6 - 35/b. Let x = -11 - -59. What is the highest common factor of x and l?
12
Suppose 0 = -4*n + 27 + 33. Let v = 12 + n. What is the greatest common factor of 3 and v?
3
Let n(w) = 3*w**2 - 14*w + 28. Let c be n(8). Calculate the greatest common factor of 27 and c.
27
Let r = -13 - -23. Calculate the greatest common divisor of 70 and r.
10
Let s(k) = 2*k**2 - 4*k - 2. Suppose w + 3*f + 9 = 0, 3*w + 7 = -f + 2*f. Let m be s(w). Calculate the highest common factor of m and 70.
14
Let t = 13 + 15. Let c = 129 + -73. Calculate the highest common divisor of t and c.
28
Let a(u) = 2*u**2 - 7. Let m be a(-3). Calculate the highest common divisor of m and 22.
11
Suppose 70 = -0*u + u. Let j(d) = -14*d. Let t be j(-1). What is the greatest common factor of u and t?
14
Suppose -3*b - b = -144. Let g(z) = z**3 - 6*z**2 + 8*z - 3. Let v be g(5). What is the greatest common divisor of b and v?
12
Suppose 2*v - 8 = x - 3*x, 0 = -5*x - 3*v + 18. Suppose 75 = 5*k - 45. Calculate the highest common divisor of x and k.
3
Suppose -8*t - 12 = -12*t. Calculate the greatest common factor of t and 1.
1
Suppose -2*y - 2*f = -114, -y + 3*f + 16 = -33. Calculate the greatest common factor of y and 110.
55
Let j = -6 + 27. What is the highest common divisor of j and 147?
21
Let v = -31 - -51. Calculate the greatest common factor of 8 and v.
4
Let l be (-6)/(-4) - (-2)/(-4). Let m be -2 - l*(2 - 49). Let o = -3 + 8. Calculate the greatest common divisor of o and m.
5
Suppose -31*h + 180 = -26*h. Calculate the greatest common divisor of 8 and h.
4
Suppose -4*d + 3*d + 16 = 0. What is the highest common divisor of 2 and d?
2
Let t(i) = -i**2 - 8*i + 5. Let a be t(-7). Calculate the greatest common divisor of a and 12.
12
Let m(t) = -t**3 + 7*t**2 - 6*t. Let z = -11 + 15. Let y be m(z). Calculate the greatest common divisor of y and 12.
12
Let p be (0 - 2) + 4/1. Let g(x) = -x**2 - 8*x - 13. Let v be g(-5). Calculate the highest common factor of p and v.
2
Suppose 3*y + y - 104 = 0. Suppose 3*w + 13 = 4*w. Let g = y - w. What is the greatest common divisor of g and 65?
13
Let o = -4 + 10. Let d(g) = -g**3 + 2*g**2 + 3*g - 4. Let f be d(4). Let b = f + 66. Calculate the highest common factor of b and o.
6
Let z be (2/3)/(2/6). Let c(f) = -f**3 - 2*f**2 + 5*f. Let y be c(-4). Calculate the greatest common divisor of y and z.
2
Suppose -3*r + 2*i - 5 = 0, -5 = -3*r + 5*i + 5. Let o be (3/4)/(r/(-120)). What is the highest common divisor of 162 and o?
18
Suppose -5*s + 20 = -s, -7 = -4*t + s. Suppose 96 = f + t*f. Calculate the highest common divisor of f and 60.
12
Let r = -13 + 23. Let j be (-45)/12*(-2 + -6). What is the greatest common factor of j and r?
10
Suppose -3*o + 413 - 71 = 0. Calculate the highest common divisor of 38 and o.
38
Let n = -53 + 121. What is the highest common factor of n and 17?
17
Suppose -22 = 7*m - 9*m. Let k(y) = y**2 - 8*y - 8. Let g = 14 - 5. Let f be k(g). What is the highest common factor of f and m?
1
Let p(q) = -3*q + 7. Let g be p(-5). Calculate the greatest common divisor of 88 and g.
22
Suppose 0 = 2*h + 5*q + 10, -h - 5 = q - 4*q. Let v be (-459)/(-15) + 3/h. Let y = v + -12. Calculate the highest common divisor of y and 9.
9
Let a(z) = z**2 - 3*z + 8. Suppose -36 + 1 = -5*y. Let w be a(y). Calculate the greatest common divisor of 24 and w.
12
Let j be ((4 - 2) + -4)/1. Let g be 1/(j*1 + 1). Let n be (-4 + g)*(0 - 4). Calculate the highest common factor of n and 10.
10
Let i = 12 - 3. Let m(d) = 5*d**3 - 4*d**2 - d + 3. Let p be m(3). Calculate the greatest common divisor of p and i.
9
Let k be (-2041)/8 + 6/48. Let v be (-1)/(3/k) + 3. What is the greatest common factor of v and 11?
11
Let u be 208/56 + 0 + (-4)/(-14). Suppose 4*a - 4*v = -9*v - 17, 3*a - 3*v - 21 = 0. What is the highest common divisor of u and a?
2
Suppose 2*d - 3 = 5*y - 14, 16 = 5*d + 2*y. Let g be 26/3 - 2/(-6). Let j be (-2)/g + 400/18. Calculate the greatest common factor of d and j.
2
Let t = 101 + -51. Let h = 7 - -1. Let v(c) = -c**3 + 8*c**2 + 4*c - 12. Let d be v(h). Calculate the highest common divisor of t and d.
10
Let q = -3 + 6. Suppose j + 4*j - 25 = 5*c, c - 1 = -2*j. Let z be 2/q + (-1)/c. Calculate the greatest common divisor of 8 and z.
1
Let o be -1 + 612/4 + 2. What is the greatest common divisor of o and 22?
22
Let m = -2 + 5. Let x(u) = 2*u**2 - u. Let d be x(2). What is the greatest common divisor of m and d?
3
Let y(k) = -10*k. Let m be y(-10). Suppose 0 = -4*x + 3*t + m, -2*x + 68 = 3*t - 0*t. Calculate the highest common factor of 4 and x.
4
Let d be 8/(-1)*(-44)/11. What is the highest common divisor of d and 8?
8
Let o = 478 + -247. Calculate the greatest common divisor of o and 21.
21
Let n be (-1)/(-3) - (-95)/57. Suppose 2*y + v = n*v + 9, 4*v + 6 = 3*y. What is the highest common divisor of 6 and y?
6
Let o(x) = x. Let n be o(4). Suppose 1 = n*q - 95. Calculate the greatest common divisor of q and 3.
3
Let o(a) = 26*a - 2 + 9*a - 11*a - 2. Let g be o(6). What is the greatest common divisor of g and 20?
20
Suppose 2*n + 3*n + 30 = z, -4*n = 2*z - 4. Let m = -51 + 76. Calculate the greatest common factor of m and z.
5
Let q(x) = 2*x**2 + 3*x - 4. Let g be q(-3). Suppose g*a + 0*l = 3*l + 393, -2*a - 3*l = -17